 the thousands digit of 68319?
8
What is the tens digit of 220317?
1
What is the hundreds digit of 789021?
0
What is the hundred thousands digit of 754584?
7
What is the thousands digit of 1108520?
8
What is the thousands digit of 2909629?
9
What is the hundreds digit of 89967?
9
What is the ten millions digit of 17940093?
1
What is the tens digit of 552279?
7
What is the thousands digit of 313129?
3
What is the hundred thousands digit of 262879?
2
What is the hundreds digit of 427041?
0
What is the thousands digit of 119943?
9
What is the ten thousands digit of 922180?
2
What is the thousands digit of 191511?
1
What is the units digit of 301081?
1
What is the hundred thousands digit of 5128094?
1
What is the hundreds digit of 1961501?
5
What is the hundred thousands digit of 7983334?
9
What is the units digit of 4335441?
1
What is the ten thousands digit of 23883314?
8
What is the ten thousands digit of 2984998?
8
What is the ten thousands digit of 128830?
2
What is the ten thousands digit of 32614299?
1
What is the hundred thousands digit of 853830?
8
What is the units digit of 4889998?
8
What is the hundred thousands digit of 466389?
4
What is the ten thousands digit of 1105556?
0
What is the hundred thousands digit of 338349?
3
What is the tens digit of 1543128?
2
What is the thousands digit of 4605874?
5
What is the millions digit of 4496359?
4
What is the hundreds digit of 26495518?
5
What is the thousands digit of 26540721?
0
What is the hundreds digit of 216979?
9
What is the units digit of 824064?
4
What is the ten thousands digit of 3434367?
3
What is the millions digit of 6033879?
6
What is the hundreds digit of 3977538?
5
What is the hundred thousands digit of 1210605?
2
What is the millions digit of 1497920?
1
What is the hundreds digit of 67876?
8
What is the ten thousands digit of 9675212?
7
What is the ten thousands digit of 363867?
6
What is the hundreds digit of 1197069?
0
What is the millions digit of 4068129?
4
What is the ten thousands digit of 12621903?
2
What is the thousands digit of 53631?
3
What is the hundreds digit of 324240?
2
What is the ten thousands digit of 648165?
4
What is the thousands digit of 240009?
0
What is the units digit of 558439?
9
What is the ten thousands digit of 126367?
2
What is the tens digit of 180951?
5
What is the hundred thousands digit of 144408?
1
What is the thousands digit of 417445?
7
What is the thousands digit of 127118?
7
What is the hundred thousands digit of 206129?
2
What is the units digit of 5177823?
3
What is the ten thousands digit of 237955?
3
What is the tens digit of 1423559?
5
What is the units digit of 1291520?
0
What is the tens digit of 29750758?
5
What is the tens digit of 198072?
7
What is the thousands digit of 4976649?
6
What is the millions digit of 7206758?
7
What is the hundreds digit of 1551272?
2
What is the ten thousands digit of 603326?
0
What is the units digit of 733391?
1
What is the units digit of 2866461?
1
What is the tens digit of 286285?
8
What is the ten thousands digit of 3437638?
3
What is the tens digit of 1015168?
6
What is the hundreds digit of 3595582?
5
What is the hundred thousands digit of 168262?
1
What is the thousands digit of 549588?
9
What is the hundred thousands digit of 1097764?
0
What is the thousands digit of 20559092?
9
What is the tens digit of 326957?
5
What is the thousands digit of 73803?
3
What is the ten millions digit of 18364130?
1
What is the units digit of 1661056?
6
What is the hundreds digit of 6001637?
6
What is the ten millions digit of 12162464?
1
What is the thousands digit of 389105?
9
What is the thousands digit of 935917?
5
What is the hundreds digit of 879769?
7
What is the units digit of 95839?
9
What is the units digit of 1432417?
7
What is the hundreds digit of 6382679?
6
What is the millions digit of 15636606?
5
What is the hundreds digit of 207561?
5
What is the hundred thousands digit of 709290?
7
What is the ten thousands digit of 5049638?
4
What is the hundreds digit of 6251557?
5
What is the ten thousands digit of 7772026?
7
What is the hundred thousands digit of 8003803?
0
What is the hundred thousands digit of 3240813?
2
What is the hundred thousands digit of 272290?
2
What is the ten thousands digit of 3763639?
6
What is the hundred thousands digit of 2441634?
4
What is the thousands digit of 2550131?
0
What is the units digit of 3670090?
0
What is the ten thousands digit of 272371?
7
What is the tens digit of 719691?
9
What is the hundred thousands digit of 3815703?
8
What is the tens digit of 8757480?
8
What is the hundred thousands digit of 2144549?
1
What is the thousands digit of 188496?
8
What is the millions digit of 2091460?
2
What is the units digit of 347890?
0
What is the ten millions digit of 21377220?
2
What is the millions digit of 4368402?
4
What is the ten thousands digit of 549856?
4
What is the units digit of 583436?
6
What is the hundreds digit of 1003089?
0
What is the tens digit of 150851?
5
What is the hundred thousands digit of 1439229?
4
What is the thousands digit of 7253?
7
What is the units digit of 41633733?
3
What is the tens digit of 12622365?
6
What is the hundred thousands digit of 113039?
1
What is the millions digit of 33104459?
3
What is the tens digit of 200122?
2
What is the hundreds digit of 53340?
3
What is the hundred thousands digit of 264617?
2
What is the units digit of 1873739?
9
What is the tens digit of 5647757?
5
What is the hundreds digit of 2264998?
9
What is the hundreds digit of 7431734?
7
What is the hundred thousands digit of 6531282?
5
What is the tens digit of 20352587?
8
What is the thousands digit of 257664?
7
What is the hundreds digit of 672528?
5
What is the units digit of 6224305?
5
What is the thousands digit of 22612571?
2
What is the tens digit of 2300369?
6
What is the hundred thousands digit of 7235660?
2
What is the tens digit of 649495?
9
What is the ten thousands digit of 1362253?
6
What is the millions digit of 1801698?
1
What is the ten thousands digit of 13483036?
8
What is the hundred thousands digit of 1276443?
2
What is the ten thousands digit of 137459?
3
What is the units digit of 6049148?
8
What is the tens digit of 756259?
5
What is the ten thousands digit of 10368311?
6
What is the units digit of 738709?
9
What is the hundreds digit of 80939?
9
What is the thousands digit of 721066?
1
What is the ten thousands digit of 407767?
0
What is the thousands digit of 5633897?
3
What is the millions digit of 1820498?
1
What is the hundred thousands digit of 4982085?
9
What is the thousands digit of 6736595?
6
What is the hundred thousands digit of 3582720?
5
What is the tens digit of 519467?
6
What is the tens digit of 158817?
1
What is the ten thousands digit of 1002371?
0
What is the tens digit of 180777?
7
What is the units digit of 97733?
3
What is the hundred thousands digit of 103201?
1
What is the hundred thousands digit of 550245?
5
What is the millions digit of 4147944?
4
What is the ten thousands digit of 2945808?
4
What is the hundreds digit of 1241461?
4
What is the thousands digit of 270815?
0
What is the units digit of 386836?
6
What is the units digit of 8570311?
1
What is the millions digit of 1056770?
1
What is the units digit of 431360?
0
What is the hundred thousands digit of 1124276?
1
What is the units digit of 630779?
9
What is the units digit of 4455251?
1
What is the ten thousands digit of 278797?
7
What is the tens digit of 16700?
0
What is the units digit of 5397807?
7
What is the ten millions digit of 36606684?
3
What is the hundreds digit of 424779?
7
What is the units digit of 88358?
8
What is the thousands digit of 9890?
9
What is the hundreds digit of 288421?
4
What is the hundred thousands digit of 8597422?
5
What is the hundred thousands digit of 273637?
2
What is the units digit of 128894?
4
What is the hundreds digit of 135899?
8
What is the tens digit of 148721?
2
What is the thousands digit of 205775?
5
What is the hundred thousands digit of 3694520?
6
What is the units digit of 19054369?
9
What is the hundred thousands digit of 241141?
2
What is the thousands digit of 716768?
6
What is the hundred thousands digit of 1919579?
9
What is the thousands digit of 133481?
3
What is the tens d